{"id":125,"date":"2018-09-06T08:21:44","date_gmt":"2018-09-06T06:21:44","guid":{"rendered":"http:\/\/ena-nic.splet.arnes.si\/?page_id=125"},"modified":"2018-09-06T09:34:35","modified_gmt":"2018-09-06T07:34:35","slug":"nip-racunalnistvo-5","status":"publish","type":"page","link":"https:\/\/ena-nic.splet.arnes.si\/?page_id=125","title":{"rendered":"NIP ra\u010dunalni\u0161tvo 5"},"content":{"rendered":"<p style=\"text-align: justify\">neobvezni izbirni predmet ra\u010dunalni\u0161tvo je na na\u0161i \u0161oli na voljo od \u0161olskega leta 2018\/19,<img loading=\"lazy\" decoding=\"async\" class=\" wp-image-126 alignright\" src=\"http:\/\/ena-nic.splet.arnes.si\/files\/2016\/10\/bober.png\" alt=\"bober\" width=\"117\" height=\"177\" \/>\u00a0zaenkrat v 4. razredu. Ob dovolj velikem interesu naj bi se predmet izvajal tudi v 5. in 6. razredu in sicer kot vsebinska nadgradnja programiranja v programskem okolju <a href=\"http:\/\/scratch.mit.edu\/\" target=\"_blank\">Scratch<\/a>. U\u010denci pri predmetu spoznavajo temeljne koncepte ra\u010dunalni\u0161tva, razvijajo algoritmi\u010dni na\u010din razmi\u0161ljanja in spoznavajo strategije re\u0161evanja problemov, pridobivajo sposobnost izbiranja najustreznej\u0161e poti za re\u0161itev problema,\u00a0razvijajo ustvarjalnost, natan\u010dnost in logi\u010dno razmi\u0161ljanje, \u2026<\/p>\n<p style=\"text-align: justify\">V 5. razredu je del u\u010dnih vsebin tudi priprava na <a href=\"http:\/\/tekmovanja.acm.si\/bober\" target=\"_blank\">ra\u010dunalni\u0161ko tekmovanje Bober<\/a>.<\/p>\n<p style=\"text-align: justify;padding-left: 30px\"><a href=\"http:\/\/bober.acm.si\/\" target=\"_blank\">Interaktivne naloge Bober<\/a><\/p>\n<p style=\"text-align: justify\">\n","protected":false},"excerpt":{"rendered":"<p>neobvezni izbirni predmet ra\u010dunalni\u0161tvo je na na\u0161i \u0161oli na voljo od \u0161olskega leta 2018\/19,\u00a0zaenkrat v 4. razredu. Ob dovolj velikem interesu naj bi se predmet izvajal tudi v 5. in 6. razredu in sicer kot vsebinska nadgradnja programiranja v programskem okolju Scratch. U\u010denci pri predmetu spoznavajo temeljne koncepte ra\u010dunalni\u0161tva, razvijajo algoritmi\u010dni na\u010din razmi\u0161ljanja in spoznavajo [&hellip;]<\/p>\n","protected":false},"author":1790,"featured_media":0,"parent":44,"menu_order":0,"comment_status":"closed","ping_status":"open","template":"","meta":{"_et_pb_use_builder":"","_et_pb_old_content":"","_et_gb_content_width":"","ngg_post_thumbnail":0,"footnotes":"","_expiration-date-status":"saved","_expiration-date":0,"_expiration-date-type":"","_expiration-date-categories":[],"_expiration-date-options":[]},"class_list":["post-125","page","type-page","status-publish","hentry"],"_links":{"self":[{"href":"https:\/\/ena-nic.splet.arnes.si\/index.php?rest_route=\/wp\/v2\/pages\/125","targetHints":{"allow":["GET"]}}],"collection":[{"href":"https:\/\/ena-nic.splet.arnes.si\/index.php?rest_route=\/wp\/v2\/pages"}],"about":[{"href":"https:\/\/ena-nic.splet.arnes.si\/index.php?rest_route=\/wp\/v2\/types\/page"}],"author":[{"embeddable":true,"href":"https:\/\/ena-nic.splet.arnes.si\/index.php?rest_route=\/wp\/v2\/users\/1790"}],"replies":[{"embeddable":true,"href":"https:\/\/ena-nic.splet.arnes.si\/index.php?rest_route=%2Fwp%2Fv2%2Fcomments&post=125"}],"version-history":[{"count":14,"href":"https:\/\/ena-nic.splet.arnes.si\/index.php?rest_route=\/wp\/v2\/pages\/125\/revisions"}],"predecessor-version":[{"id":797,"href":"https:\/\/ena-nic.splet.arnes.si\/index.php?rest_route=\/wp\/v2\/pages\/125\/revisions\/797"}],"up":[{"embeddable":true,"href":"https:\/\/ena-nic.splet.arnes.si\/index.php?rest_route=\/wp\/v2\/pages\/44"}],"wp:attachment":[{"href":"https:\/\/ena-nic.splet.arnes.si\/index.php?rest_route=%2Fwp%2Fv2%2Fmedia&parent=125"}],"curies":[{"name":"wp","href":"https:\/\/api.w.org\/{rel}","templated":true}]}}